 the prime factors of p.
2
What are the prime factors of (208/(-6) - 0)*(-1290)/172?
2, 5, 13
Let c(o) = -2 - 4*o + 2 + 4. Let d be c(-3). Let b = 23 - d. What are the prime factors of b?
7
Suppose -2*x = 10, -2*r + 124 = -3*x + 7. Suppose 5*j + 5*n - 2*n = r, 0 = -3*j - 5*n + 37. What are the prime factors of j?
3
Suppose -2*l - l + 2*p = -129, 2*l - 96 = -2*p. List the prime factors of l.
3, 5
Let f(q) = -7*q - 5. Let d be -5*((0 - 1) + 2). List the prime factors of f(d).
2, 3, 5
Let b = 13 - 9. Suppose 9 = w - 2*w - b*r, -4*w = 4*r. List the prime factors of w.
3
Suppose 2*j = 2*v, 0*v - j + 4 = 3*v. Suppose -2 = -3*q + v. List the prime factors of (-5 - q)/(0 + -1).
2, 3
Let f = 6 + -4. Suppose 2*x - 3 - 11 = -g, -f*x = 5*g - 78. List the prime factors of g.
2
Suppose -4*f - 8 = -4*c, 0 = 2*c + 4*f - 3*f - 1. Suppose 0 = w + c - 5. Suppose w*r - 34 = -d, r - d - 29 = -2*r. List the prime factors of r.
3
What are the prime factors of -330*(-4)/16*2?
3, 5, 11
Suppose -3*j = 5*a + 5, 5*a + 4*j + 12 = a. Suppose 0 = -a*m - m + 6. Suppose h = -q + 3, 0*h + 3*q - 3 = -m*h. What are the prime factors of h?
2, 3
Suppose 2 = o - 5. Suppose 17 + o = 4*u. What are the prime factors of ((-2)/u)/(1/(-9))?
3
Let f = -60 - -125. List the prime factors of f.
5, 13
Suppose -3*z + 2*s = s - 1000, -5*z = 4*s - 1695. What are the prime factors of z?
5, 67
Let l(b) be the second derivative of b**4/12 + b**3/2 + 2*b**2 + b. List the prime factors of l(-5).
2, 7
Suppose 5*x - 245 = -5*d, 2*x + 3*d - 63 = 8*d. What are the prime factors of x?
2, 11
Let r = 81 + -29. What are the prime factors of r?
2, 13
Suppose 3 = p - 3*u, 3*p - u + 13 = -2. What are the prime factors of (-516)/(-9) + p/(-9)?
2, 29
Suppose 7*j - 100 = 3*j. Suppose 60 = 5*t - j. List the prime factors of t.
17
What are the prime factors of ((-13)/(-4))/((-11)/(-484))?
11, 13
Let m(h) = -h**2 - 12*h + 5. Let r be m(-12). Suppose -2*k + 34 = -5*y, r*y - 60 - 25 = -5*k. What are the prime factors of k?
17
Suppose 4*z - v + 3*v - 128 = 0, -v = -2. List the prime factors of z.
31
Suppose -5*a - 1 = -6. List the prime factors of (0 - a) + 3 - -24.
2, 13
Suppose c = 2*c. Let v(k) = -k**3 - k**2 - k + 7. List the prime factors of v(c).
7
Let u = -4 - -21. What are the prime factors of u?
17
Let c = 90 - 150. Let y(w) = 4*w**2 - w. Let i be y(1). What are the prime factors of 1/i - c/9?
7
Let n(w) = -w + 6. Let b be n(6). Let k(r) = 8 - 5*r**3 + 5*r**3 + r**3. List the prime factors of k(b).
2
Suppose 2 = -y + 15. Suppose 3*q = -4*d + y, 0 = -3*q + 7*q + 5*d - 17. Let m = 3 + q. What are the prime factors of m?
2, 3
Let h(a) = -a + 11. List the prime factors of h(8).
3
Let i(a) = 2*a**3 - 3*a. Let q be i(3). Let k = -24 + q. List the prime factors of k.
3, 7
Let q(s) = -s**3 + 16*s**2 - 21*s + 11. What are the prime factors of q(14)?
109
Suppose v = -5*k + 200, -3*v - 88 = -2*k - 8. Suppose 3*r = 15, q - 4*r = -3*q + k. What are the prime factors of q?
3, 5
Let n(d) = d**3 + 2*d**2 - 3*d + 3. Let l be n(-3). What are the prime factors of (-20)/(-2) - 6/l?
2
Suppose -r + 13 = -54. What are the prime factors of r?
67
Let q = 5 + -3. Let n = 7 - q. What are the prime factors of n?
5
Let j(f) be the first derivative of 2*f**3/3 + 3*f**2/2 + 2*f + 5. What are the prime factors of j(-4)?
2, 11
Let m(n) = -6*n - 6. Let j be m(-6). Suppose j = 3*z - 3*a, -a - 76 = -4*z - 6*a. What are the prime factors of z?
2, 7
Let f(l) = -9*l - 1. Let g be f(-1). What are the prime factors of g/(5 + -1) + 1?
3
Suppose -2*j - 18 = 3*j + 4*u, 3*u + 16 = -5*j. What are the prime factors of 9 - (0/j)/2?
3
Let g be 2/(3 - (-44)/(-16)). Let k(q) = -q**3 + 8*q**2 + 2*q - 11. What are the prime factors of k(g)?
5
Let h(s) = 37*s + 2. What are the prime factors of h(1)?
3, 13
Let s = -6 - -5. Let f = s + 6. List the prime factors of f.
5
Let i(o) = -2*o + 11. Let w be i(8). Let f be (4 - -1)*(-7)/w. Suppose f = 4*h - 73. What are the prime factors of h?
2, 5
Suppose -1 - 4 = -5*m. What are the prime factors of 1*(3 - m) + 6?
2
Let p(o) = 107*o**2 + 4*o - 4. List the prime factors of p(1).
107
Let w = 485 + -279. List the prime factors of w.
2, 103
Let o = 11 - 7. Suppose 5*x = -4*m + 65, 3*m - 2*x = -o*x + 40. List the prime factors of m.
2, 5
Suppose -5*a = 3*l + 49, 4*a - 5 - 35 = 2*l. List the prime factors of (-40)/l - (-18)/(-81).
2
Let a(w) = -6*w**3 + 8*w**2 - w - 14. Let x(q) = 7*q**3 - 8*q**2 + 15. Let u(v) = -6*a(v) - 5*x(v). List the prime factors of u(7).
2
Let n(g) = -g**2 - 3*g + 5. Let d = 7 - 11. Let i be n(d). Suppose -4*b - 5*f = -11, f + i = -b - 4*f. What are the prime factors of b?
2
Let o be (-3)/(-2)*512/24. Suppose 50 = 2*p - o. What are the prime factors of p?
41
Let u(d) = -4*d - 73. Let t(k) = -k - 18. Let o(r) = -9*t(r) + 2*u(r). Let p be 3/(-15) - (-294)/(-30). What are the prime factors of o(p)?
2, 3
Let z be -2 + (-2)/(4/(-10)). Suppose -z*w - 138 = -3*d, 5*d + 0*w = w + 218. What are the prime factors of d?
43
Let h(v) = -7*v - 16. Let k be h(-3). Suppose a + 6 = 2*b, -a = -5*a + 2*b - 6. Suppose a = i - k*i + 88. List the prime factors of i.
2, 11
Suppose c - 83 = -7*m + 3*m, -m = 4*c - 317. What are the prime factors of c?
79
Let d = -1 - -1. Let c(k) = k + 1. Let t be c(d). Suppose -3*g + 23 = -5*m, -11 = -5*m - t. What are the prime factors of g?
11
Suppose 0 = -4*v + 2*v + 126. Let n be 1526/v - 4/18. Suppose m - n = -m. What are the prime factors of m?
2, 3
Let g(f) = 11*f + 1. What are the prime factors of g(4)?
3, 5
Let y(u) = -u**3 + u + 4. Let q(w) = -w**3 - 5*w**2 - 3. Let g be q(-5). Let n be y(g). Suppose j - 5 = 0, i = -2*i + 4*j + n. List the prime factors of i.
2
Let b(c) = -3*c - 2. Let f be b(-2). Let n = 7 - f. What are the prime factors of n?
3
Let g(y) = -y - 5. Let m be g(-9). Suppose 2*k + 43 = 3*w, 0*w - 2*w = -m*k - 34. List the prime factors of w.
13
Suppose -4*u + 59 = -i, -5*u + 4*i = -0*i - 60. Suppose 4*q + 0 = u. List the prime factors of q.
2
Let n(g) be the first derivative of -g**4/4 - 4*g**3 - 5*g**2 + 4*g - 2. Let z be n(-11). Let o(p) = -3*p - 4. List the prime factors of o(z).
17
Let k be 16/(-6) - (-2)/3. Let m = 4 + k. Suppose m*y - 24 = -y. What are the prime factors of y?
2
Suppose -112 = -4*b - 12. What are the prime factors of b?
5
What are the prime factors of (-123)/(-1)*(-3)/(-9)?
41
Let y(w) = -w**2 + 7*w - 4. Let h be y(6). Let f(r) = -4*r + r**3 + h*r - 1 + 4*r**2 + 1 - 5. List the prime factors of f(-4).
3
What are the prime factors of (-2)/13 + 2541/39?
5, 13
Suppose 0*p = 2*p. Suppose -2*q = -2*k - 2*k - 8, p = -4*q - 5*k + 16. What are the prime factors of (-4)/(-1 - -3) + q?
2
Suppose 4*l - 40 = -5*z + 36, 0 = 2*l + 5*z - 28. Suppose -18 = -5*c + 7, 5*c - l = -w. Let p = 3 + w. List the prime factors of p.
2
Let s = -56 - -82. Suppose -2*p = -y - s, 2*p + 4*y = 3*p - 27. What are the prime factors of p?
11
Let o(j) be the second derivative of j**5/20 - 5*j**4/12 + j**3 - 5*j**2/2 - 3*j. Let c be o(4). Suppose -l - c*l + 8 = 0. List the prime factors of l.
2
Suppose -3*g + 8*g - 2*m = 1092, 2*g + 2*m - 434 = 0. List the prime factors of g.
2, 109
Suppose -44 = -0*f - f. What are the prime factors of f?
2, 11
Suppose -3*h + 6 = -3. Let r be (1 + 0 - 0)*h. Suppose r*v + v = 16. What are the prime factors of v?
2
Let j = -10 - -12. Suppose -p - j*q = -16, -33 = -3*p - 3*q + 30. What are the prime factors of p?
2, 13
Let p be (-8)/(-3)*54/4. Let m = p - 9. What are the prime factors of m?
3
Let k be (1 - -4)/(2 - 1). Suppose -3*j + 12 = 2*y - 7, -3*y + 32 = k*j. What are the prime factors of j?
7
Let n = 11 + 0. What are the prime factors of n?
11
Suppose 4*q - 4 - 4 = 2*s, 4*q - 3*s = 12. Suppose q = -a - 3 + 10. What are the prime factors of a?
7
Let u be 2/(-4) - (-7)/2. Suppose -u*m + 0*d = -5*d - 18, -3*m = 3*d - 18. List the prime factors of m.
2, 3
What are the prime factors of 1 + 13*(0 + 2)?
3
Let n(q) = 13*q - 5. List the prime factors of n(6).
73
Let m(h) = h**2 + 8*h - 1. List the prime factors of m(-9).
2
Let d = -44 + 86. List the prime factors of d.
2, 3, 7
Suppose -4 - 16 = 5*l + 5*y, 28 = -5*l - y. Let d = 8 + l. What are the prime factors of d?
2
Let p(a) = a**3 + 4*a**2 + 4. Let o be p(-4). Suppose -o*w = -2*i - 24, -3*w = i + 2*i